2759?
47
Calculate the greatest common divisor of 297 and 68823.
27
Calculate the greatest common factor of 237028 and 44.
44
What is the greatest common factor of 225 and 15175?
25
Calculate the greatest common divisor of 7720 and 368.
8
What is the highest common divisor of 68 and 4046?
34
Calculate the greatest common divisor of 4600 and 1288.
184
Calculate the highest common divisor of 7280 and 6760.
520
Calculate the greatest common factor of 511377 and 54723.
1887
Calculate the highest common factor of 304 and 9671.
19
Calculate the greatest common divisor of 180 and 61470.
90
What is the highest common divisor of 1324620 and 7136?
892
What is the greatest common factor of 34899 and 7?
1
Calculate the highest common divisor of 108 and 3105.
27
What is the highest common factor of 12837 and 143?
11
What is the highest common divisor of 1004623 and 687?
229
What is the highest common factor of 1422 and 450?
18
Calculate the greatest common divisor of 218 and 236203.
109
What is the highest common divisor of 379953 and 315?
63
Calculate the highest common divisor of 314031 and 27.
3
What is the highest common factor of 39057 and 423?
141
What is the highest common factor of 1596 and 16188?
228
What is the greatest common factor of 462 and 678139?
77
Calculate the greatest common divisor of 101780 and 210.
70
Calculate the greatest common divisor of 2394 and 1009869.
399
Calculate the highest common factor of 126590 and 10.
10
What is the greatest common divisor of 94637 and 7373?
101
Calculate the greatest common factor of 2461 and 2576.
23
Calculate the greatest common factor of 3784 and 9944.
88
Calculate the greatest common divisor of 3020 and 72840.
20
What is the greatest common divisor of 10472 and 22984?
136
What is the highest common factor of 180 and 379140?
60
What is the greatest common divisor of 2159 and 2193?
17
Calculate the highest common divisor of 749502 and 234.
234
What is the greatest common divisor of 306 and 44098?
34
What is the greatest common divisor of 258725 and 25?
25
Calculate the highest common divisor of 724 and 100.
4
What is the greatest common divisor of 16497 and 7263?
27
Calculate the highest common factor of 3390 and 656530.
1130
What is the highest common factor of 108174 and 330?
66
What is the greatest common factor of 168 and 4809?
21
What is the highest common divisor of 108664 and 1972?
68
Calculate the highest common divisor of 270606 and 663.
51
What is the highest common factor of 1854 and 8667?
9
Calculate the highest common factor of 736 and 46000.
368
Calculate the greatest common factor of 1325 and 380805.
265
Calculate the greatest common divisor of 188598 and 3354.
258
What is the highest common divisor of 21482 and 874?
46
Calculate the highest common divisor of 364150 and 50.
50
Calculate the highest common divisor of 221556 and 888.
444
What is the highest common factor of 549 and 86193?
549
Calculate the highest common divisor of 6903 and 130.
13
What is the greatest common divisor of 32 and 602216?
8
What is the highest common factor of 3698 and 109?
1
What is the greatest common divisor of 7828 and 3296?
412
What is the greatest common divisor of 649 and 4829?
11
What is the greatest common factor of 187073 and 1?
1
Calculate the highest common divisor of 3714 and 78.
6
Calculate the greatest common factor of 900 and 277500.
300
Calculate the highest common divisor of 1007 and 47965.
53
Calculate the highest common divisor of 10630 and 4.
2
Calculate the greatest common factor of 212 and 43484.
4
Calculate the greatest common divisor of 27976 and 104.
104
Calculate the highest common factor of 266 and 57806.
14
What is the greatest common factor of 100 and 23420?
20
What is the greatest common factor of 195 and 7483515?
195
Calculate the greatest common factor of 661028 and 68.
68
Calculate the greatest common factor of 14 and 160496.
14
Calculate the highest common divisor of 104438 and 154674.
1322
Calculate the highest common factor of 30 and 5838.
6
Calculate the highest common divisor of 468 and 14898.
78
Calculate the highest common divisor of 112968 and 126.
18
What is the highest common factor of 80115 and 1845?
15
Calculate the greatest common divisor of 7171 and 28.
1
Calculate the greatest common divisor of 400652 and 16752.
1396
What is the greatest common divisor of 9699 and 2928?
183
What is the highest common factor of 3366 and 3060?
306
Calculate the highest common factor of 17144354 and 802.
802
Calculate the greatest common divisor of 796 and 974702.
398
What is the highest common factor of 1168 and 27184?
16
What is the highest common divisor of 7314 and 13038?
318
What is the highest common divisor of 411 and 24797?
137
Calculate the highest common factor of 275 and 21450.
275
Calculate the greatest common factor of 88 and 5478.
22
What is the highest common factor of 445 and 603954?
89
What is the highest common factor of 988 and 20140?
76
Calculate the highest common factor of 1239 and 1652.
413
What is the highest common factor of 23997 and 114?
57
Calculate the greatest common factor of 36 and 4248378.
18
What is the greatest common factor of 6 and 26793?
3
Calculate the highest common divisor of 229166 and 224.
14
What is the highest common factor of 2635 and 1955?
85
What is the highest common factor of 104467 and 11?
11
Calculate the greatest common factor of 562887 and 153.
153
What is the highest common factor of 420036 and 522?
174
What is the highest common factor of 405483 and 962?
481
Calculate the greatest common divisor of 609 and 990087.
21
Calculate the highest common factor of 682800 and 5121.
1707
Calculate the greatest common divisor of 99 and 122243.
11
What is the greatest common divisor of 477 and 1347843?
159
Calculate the highest common divisor of 144191 and 19.
19
What is the greatest common divisor of 276 and 70012?
92
Calculate the greatest common divisor of 6048 and 3192.
168
Calculate the highest common factor of 4452 and 441.
21
What is the greatest common divisor of 322 and 18308?
46
Calculate the highest common factor of 2803539 and 1886.
943
What is the highest common divisor of 230 and 4435?
5
Calculate the highest common divisor of 270 and 83610.
90
Calculate the greatest common factor of 13080 and 420.
60
What is the greatest common divisor of 1137108 and 84?
84
Calculate the greatest common divisor of 4 and 5776.
4
Calculate the highest common factor of 74635 and 25300.
1265
Calculate the highest common factor of 1351 and 65813.
193
Calculate the greatest common divisor of 52272 and 176.
176
Calculate the highest common factor of 2754 and 222.
6
Calculate the greatest common factor of 13 and 6374407.
13
What is the highest common factor of 98 and 1448?
2
Calculate the highest common divisor of 29150 and 2075.
25
Calculate the highest common factor of 3736 and 240.
8
What is the greatest common factor of 184 and 644414?
46
Calculate the greatest common factor of 4801589 and 26.
13
Calculate the highest common factor of 40 and 30696.
8
Calculate the highest common factor of 258739 and 65.
13
Calculate the greatest common factor of 512 and 21416.
8
Calculate the highest common divisor of 98747 and 94.
47
What is the greatest common divisor of 3190 and 43790?
290
Calculate the highest common factor of 54864 and 127.
127
What is the greatest common factor of 116 and 12499?
29
Calculate the greatest common divisor of 10150 and 16675.
725
Calculate the highest common factor of 907425 and 4950.
225
Calculate the greatest common divisor of 291787 and 20987.
677
What is the greatest common divisor of 183175 and 75?
25
What is the highest common divisor of 159757 and 26?
13
What is the highest common divisor of 1622786 and 238?
34
Calculate the highest common divisor of 104533 and 7310.
731
What is the greatest common divisor of 7828 and 2060?
412
Calculate the greatest common factor of 854669 and 109.
109
What is the highest common factor of 6129527 and 87?
29
Calculate the highest common divisor of 73217 and 8229.
211
Calculate the highest common divisor of 849 and 1028422.
283
What is the highest common factor of 1691 and 13402866?
1691
What is the highest common divisor of 3088 and 579?
193
What is the highest common factor of 